, 23, 257
List the prime factors of 64843.
61, 1063
List the prime factors of 1399.
1399
List the prime factors of 6477.
3, 17, 127
List the prime factors of 145895.
5, 29179
List the prime factors of 79772.
2, 7, 11, 37
What are the prime factors of 163?
163
List the prime factors of 155489.
61, 2549
List the prime factors of 1482.
2, 3, 13, 19
List the prime factors of 621.
3, 23
What are the prime factors of 46173?
3, 15391
What are the prime factors of 46334?
2, 23167
List the prime factors of 696.
2, 3, 29
What are the prime factors of 389?
389
List the prime factors of 1242.
2, 3, 23
What are the prime factors of 682?
2, 11, 31
List the prime factors of 495.
3, 5, 11
List the prime factors of 1603.
7, 229
What are the prime factors of 1278?
2, 3, 71
List the prime factors of 202.
2, 101
What are the prime factors of 11209?
11, 1019
List the prime factors of 6232.
2, 19, 41
What are the prime factors of 9578?
2, 4789
What are the prime factors of 1784?
2, 223
List the prime factors of 854.
2, 7, 61
List the prime factors of 814.
2, 11, 37
What are the prime factors of 12950?
2, 5, 7, 37
What are the prime factors of 2816?
2, 11
What are the prime factors of 12479?
12479
List the prime factors of 66102.
2, 3, 23, 479
What are the prime factors of 2710?
2, 5, 271
List the prime factors of 52430.
2, 5, 7, 107
What are the prime factors of 955?
5, 191
List the prime factors of 33692.
2, 8423
List the prime factors of 19276.
2, 61, 79
What are the prime factors of 3437?
7, 491
List the prime factors of 131288.
2, 16411
What are the prime factors of 48203?
19, 43, 59
What are the prime factors of 11694?
2, 3, 1949
List the prime factors of 3179.
11, 17
What are the prime factors of 100142?
2, 7, 23, 311
List the prime factors of 13569.
3, 4523
What are the prime factors of 23062?
2, 13, 887
List the prime factors of 81320.
2, 5, 19, 107
List the prime factors of 98058.
2, 3, 59, 277
What are the prime factors of 21802?
2, 11, 991
List the prime factors of 1005.
3, 5, 67
List the prime factors of 15172.
2, 3793
List the prime factors of 173479.
283, 613
What are the prime factors of 926?
2, 463
List the prime factors of 4825.
5, 193
List the prime factors of 8762.
2, 13, 337
List the prime factors of 19394.
2, 9697
List the prime factors of 7363.
37, 199
List the prime factors of 21090.
2, 3, 5, 19, 37
What are the prime factors of 78955?
5, 15791
List the prime factors of 25209.
3, 2801
List the prime factors of 387.
3, 43
What are the prime factors of 10915?
5, 37, 59
List the prime factors of 2644.
2, 661
What are the prime factors of 21?
3, 7
What are the prime factors of 10642?
2, 17, 313
What are the prime factors of 284?
2, 71
List the prime factors of 1228.
2, 307
What are the prime factors of 657?
3, 73
What are the prime factors of 3173?
19, 167
List the prime factors of 15143.
19, 797
What are the prime factors of 1405?
5, 281
What are the prime factors of 26857?
107, 251
List the prime factors of 15497.
15497
What are the prime factors of 651?
3, 7, 31
What are the prime factors of 71036?
2, 7, 43, 59
List the prime factors of 8155.
5, 7, 233
List the prime factors of 11513.
29, 397
List the prime factors of 239.
239
What are the prime factors of 11081?
7, 1583
List the prime factors of 34294.
2, 13, 1319
What are the prime factors of 37427?
13, 2879
List the prime factors of 22643.
22643
List the prime factors of 30132.
2, 3, 31
List the prime factors of 11888.
2, 743
What are the prime factors of 5257?
7, 751
What are the prime factors of 1226?
2, 613
What are the prime factors of 38413?
107, 359
What are the prime factors of 17076?
2, 3, 1423
List the prime factors of 36464.
2, 43, 53
List the prime factors of 714.
2, 3, 7, 17
List the prime factors of 38445.
3, 5, 11, 233
What are the prime factors of 5934?
2, 3, 23, 43
What are the prime factors of 302?
2, 151
List the prime factors of 31118.
2, 15559
List the prime factors of 5757.
3, 19, 101
What are the prime factors of 7278?
2, 3, 1213
List the prime factors of 1023.
3, 11, 31
What are the prime factors of 38570?
2, 5, 7, 19, 29
List the prime factors of 5170.
2, 5, 11, 47
List the prime factors of 2250.
2, 3, 5
What are the prime factors of 645?
3, 5, 43
List the prime factors of 853.
853
List the prime factors of 6731.
53, 127
What are the prime factors of 2551?
2551
What are the prime factors of 144543?
3, 7, 6883
What are the prime factors of 2845?
5, 569
What are the prime factors of 1141?
7, 163
List the prime factors of 17637.
3, 5879
What are the prime factors of 25098?
2, 3, 47, 89
List the prime factors of 37225.
5, 1489
What are the prime factors of 3852?
2, 3, 107
What are the prime factors of 47116?
2, 11779
List the prime factors of 4807.
11, 19, 23
List the prime factors of 5881.
5881
List the prime factors of 299.
13, 23
What are the prime factors of 20605?
5, 13, 317
List the prime factors of 5691.
3, 7, 271
List the prime factors of 2243.
2243
What are the prime factors of 15888?
2, 3, 331
List the prime factors of 7947.
3, 883
List the prime factors of 7962.
2, 3, 1327
What are the prime factors of 13131?
3, 1459
List the prime factors of 61021.
139, 439
List the prime factors of 10336.
2, 17, 19
List the prime factors of 487.
487
What are the prime factors of 45963?
3, 5107
List the prime factors of 10231.
13, 787
List the prime factors of 30374.
2, 15187
List the prime factors of 1037.
17, 61
List the prime factors of 2563.
11, 233
What are the prime factors of 6441?
3, 19, 113
List the prime factors of 17342.
2, 13, 23, 29
List the prime factors of 53.
53
What are the prime factors of 16618?
2, 7, 1187
What are the prime factors of 21842?
2, 67, 163
List the prime factors of 1403.
23, 61
List the prime factors of 27483.
3, 9161
List the prime factors of 5683.
5683
What are the prime factors of 29399?
29399
What are the prime factors of 1867?
1867
List the prime factors of 525.
3, 5, 7
What are the prime factors of 4316?
2, 13, 83
List the prime factors of 6807.
3, 2269
What are the prime factors of 23665?
5, 4733
List the prime factors of 702.
2, 3, 13
List the prime factors of 49827.
3, 17, 977
What are the prime factors of 22654?
2, 47, 241
What are the prime factors of 1696?
2, 53
List the prime factors of 2802.
2, 3, 467
List the prime factors of 10510.
2, 5, 1051
List the prime factors of 16014.
2, 3, 17, 157
List the prime factors of 47.
47
List the prime factors of 72960.
2, 3, 5, 19
What are the prime factors of 1365?
3, 5, 7, 13
List the prime factors of 932.
2, 233
What are the prime factors of 1579?
1579
List the prime factors of 44842.
2, 7, 3203
List the prime factors of 1997.
1997
What are the prime factors of 14590?
2, 5, 1459
What are the prime factors of 16906?
2, 79, 107
What are the prime factors of 43576?
2, 13, 419
List the prime factors of 16471.
7, 13, 181
List the prime factors of 539.
7, 11
List the prime factors of 2776.
2, 347
What are the prime factors of 38924?
2, 37, 263
What are the prime factors of 2883?
3, 31
What are the prime factors of 184103?
71, 2593
List the prime factors of 27575.
5, 1103
What are the prime factors of 3233?
53, 61
What are the prime factors of 48354?
2, 3, 8059
List the prime factors of 22008.
2, 3, 7, 131
List the prime factors of 255.
3, 5, 17
List the prime factors of 1951.
1951
List the prime factors of 31344.
2, 3, 653
List the prime factors of 1239.
3, 7, 59
What are the prime factors of 8939?
7, 1277
What are the prime factors of 74108?
2, 97, 191
What are the prime factors of 12206?
2, 17, 359
List the prime factors of 51028.
2, 12757
What are the prime factors of 57333?
3, 29, 659
List the prime factors of 26170.
2, 5, 2617
List the prime factors of 5355.
3, 5, 7, 17
List the prime factors of 1913.
1913
What are the prime factors of 15516?
2, 3, 431
List the prime factors of 886.
2, 443
List the prime factors of 12923.
12923
List the prime factors of 35613.
3, 1319
List the prime factors of 2480.
2, 5, 31
What are the prime factors of 1789?
1789
What are the prime factors of 1085?
5, 7, 31
What are the prime factors of 4769?
19, 251
What are the prime factors of 3018?
2, 3, 503
What are the prime factors of 516?
2, 3, 43
List the prime factors of 92288.
2, 7, 103
What are the prime f